{"id":2019,"date":"2023-10-09T12:21:36","date_gmt":"2023-10-09T12:21:36","guid":{"rendered":"https:\/\/szeretetkonyham.hu\/?post_type=product&#038;p=2019"},"modified":"2023-10-09T12:37:24","modified_gmt":"2023-10-09T12:37:24","slug":"ujraszalveta-tuzoltos","status":"publish","type":"product","link":"https:\/\/szeretetkonyham.com\/?product=ujraszalveta-tuzoltos","title":{"rendered":"\u00dajraszalv\u00e9ta, T\u0170ZOLT\u00d3S"},"content":{"rendered":"<p>Haszn\u00e1lj Te is gyermeked uzsonn\u00e1j\u00e1hoz \u00fajra szalv\u00e9t\u00e1t!<\/p>\n<p>A term\u00e9k m\u00e9rete: 30 x 30 cm<\/p>\n<p>K\u00fcls\u0151 anyaga: 100 % pamutv\u00e1szon, bels\u0151 anyaga: Pul., t\u00e9p\u0151z\u00e1ras.<\/p>\n<p>Mos\u00e1sa: maximum 40 fokon aj\u00e1nlott.<\/p>\n<div class=\"ns4p8fja j83agx80 cbu4d94t a6sixzi8 bkfpd7mw nred35xi a1xu1aao\" role=\"none\">\n<div class=\"j83agx80 k4urcfbm\" role=\"none\">\n<div class=\"ll8tlv6m j83agx80 cbu4d94t d2edcug0 l9j0dhe7\">\n<div class=\"j83agx80 k4urcfbm\" role=\"none\">\n<div class=\"cxgpxx05 d1544ag0 sj5x9vvc tw6a2znq l9j0dhe7 ni8dbmo4 stjgntxs e72ty7fz qlfml3jp inkptoze qmr60zad jm1wdb64 qv66sw1b ljqsnud1 odn2s2vf tkr6xdv7\" role=\"none\">\n<div class=\"rq0escxv l9j0dhe7 du4w35lb __fb-light-mode\" role=\"none\">\n<div class=\"ii04i59q jq4qci2q g9io39s2 oo9gr5id\" dir=\"auto\" role=\"none\">A szalv\u00e9ta bels\u0151 anyag\u00e1ra vonatkoz\u00f3 inform\u00e1ci\u00f3k: A gy\u00e1rt\u00f3 \u00e1ltal igazolt a Standard 100 OEKO-TEX, melyet az SHO115 15882.3 eredm\u00e9nyek t\u00e1masztanak al\u00e1. Valamint igazolja, hogy az alapanyag megfelel az Annex XVII Reach Amerikai szabv\u00e1nyban foglaltaknak \u00e9s az Annex 4 els\u0151 oszt\u00e1ly min\u0151s\u00edt\u00e9s\u00e9nek az eko k\u00f6vetelm\u00e9nyeinek, hogy gyermekruh\u00e1zatban haszn\u00e1lt term\u00e9k k\u00e9sz\u00fclhessen bel\u0151le. 100% poli\u00e9szter filmlamin\u00e1lt PU r\u00e9teggel 110 g\/m2 sz\u00ednez\u00e9k: eg\u00e9szs\u00e9gre \u00e1rtalmatlan azo sz\u00ednez\u00e9k mentes v\u00edzhatlan, nedvess\u00e9gz\u00e1r\u00f3, l\u00e9g\u00e1tereszt\u0151, rugalmas, j\u00f3 komfort\u00e9rzetet ad\u00f3 anyag.<\/div>\n<div dir=\"auto\" role=\"none\"><img loading=\"lazy\" decoding=\"async\" class=\"alignnone size-medium wp-image-2021\" src=\"https:\/\/szeretetkonyham.hu\/wp-content\/uploads\/2023\/10\/380050956_363147012927825_2647312179766545810_n-300x278.jpg\" alt=\"\" width=\"300\" height=\"278\" \/><img loading=\"lazy\" decoding=\"async\" class=\"alignnone size-medium wp-image-2022\" src=\"https:\/\/szeretetkonyham.hu\/wp-content\/uploads\/2023\/10\/379996735_2630985633727874_5458574686321290788_n-300x252.jpg\" alt=\"\" width=\"300\" height=\"252\" \/><img loading=\"lazy\" decoding=\"async\" class=\"alignnone size-medium wp-image-2020\" src=\"https:\/\/szeretetkonyham.hu\/wp-content\/uploads\/2023\/10\/379957155_2575076646001239_7651960886209806550_n-169x300.jpg\" alt=\"\" width=\"169\" height=\"300\" \/><img loading=\"lazy\" decoding=\"async\" class=\"alignnone size-medium wp-image-2023\" src=\"https:\/\/szeretetkonyham.hu\/wp-content\/uploads\/2023\/10\/380237966_3681520068789696_6741985279260137947_n-300x169.jpg\" alt=\"\" width=\"300\" height=\"169\" \/><\/div>\n<\/div>\n<div dir=\"auto\" role=\"none\"><\/div>\n<div class=\"rq0escxv l9j0dhe7 du4w35lb __fb-light-mode\" role=\"none\">\n<div dir=\"auto\" role=\"none\"><\/div>\n<\/div>\n<div dir=\"auto\" role=\"none\"><\/div>\n<div dir=\"auto\" role=\"none\"><\/div>\n<div dir=\"auto\" role=\"none\"><\/div>\n<div dir=\"auto\" role=\"none\"><\/div>\n<\/div>\n<div class=\"buofh1pr rj1gh0hx\" role=\"none\"><\/div>\n<\/div>\n<\/div>\n<div class=\"ns4p8fja j83agx80 cbu4d94t a6sixzi8 bkfpd7mw d2edcug0 buofh1pr nred35xi\" role=\"none\">\n<div class=\"buofh1pr rj1gh0hx\" role=\"none\"><\/div>\n<\/div>\n<\/div>\n<div class=\"ns4p8fja j83agx80 cbu4d94t a6sixzi8 bkfpd7mw d2edcug0 kb5gq1qc nred35xi\" role=\"none\"><\/div>\n<\/div>\n<div class=\"ns4p8fja j83agx80 cbu4d94t a6sixzi8 bkfpd7mw d2edcug0 kb5gq1qc nred35xi\" role=\"none\">\n<div class=\"pfnyh3mw j83agx80 cbu4d94t jcr6t5e3 taijpn5t buofh1pr l9j0dhe7 s90hwng2 qnrpqo6b\" aria-hidden=\"true\">\n<div class=\"bp9cbjyn jcr6t5e3 j83agx80 btwxx1t3\" role=\"none\"><\/div>\n<\/div>\n<\/div>\n<div class=\"j83agx80\" role=\"none\">\n<div class=\"j83agx80 buofh1pr g5gj957u hpfvmrgz\" role=\"none\" data-testid=\"message-container\">\n<div class=\"ns4p8fja j83agx80 cbu4d94t a6sixzi8 bkfpd7mw d2edcug0 buofh1pr nred35xi\" role=\"none\">\n<div class=\"buofh1pr rj1gh0hx\" role=\"none\"><\/div>\n<\/div>\n<\/div>\n<div class=\"ns4p8fja j83agx80 cbu4d94t a6sixzi8 bkfpd7mw d2edcug0 kb5gq1qc nred35xi\" role=\"none\">\n<div id=\"\" class=\"j83agx80 aovydwv3 ni8dbmo4 stjgntxs odw8uiq3\" role=\"none\" data-testid=\"messenger_delivery_status\">\n<div class=\"pfnyh3mw pgctjfs5\"><\/div>\n<\/div>\n<\/div>\n<\/div>\n<div class=\"nred35xi k4urcfbm\" role=\"none\"><\/div>\n<div class=\"\">\n<div class=\"j83agx80 cbu4d94t l9j0dhe7\" role=\"gridcell\" data-scope=\"messages_table\" data-release-focus-from=\"CLICK\">\n<div class=\"j83agx80\" role=\"none\">\n<div class=\"j83agx80 buofh1pr g5gj957u hpfvmrgz\" role=\"none\" data-testid=\"message-container\">\n<div class=\"ns4p8fja j83agx80 cbu4d94t a6sixzi8 bkfpd7mw nred35xi a1xu1aao\" role=\"none\">\n<div class=\"j83agx80 k4urcfbm\" role=\"none\">\n<div class=\"ll8tlv6m j83agx80 cbu4d94t d2edcug0 l9j0dhe7\">\n<div class=\"j83agx80 k4urcfbm\" role=\"none\">\n<div class=\"cxgpxx05 d1544ag0 sj5x9vvc tw6a2znq l9j0dhe7 ni8dbmo4 stjgntxs e72ty7fz qlfml3jp inkptoze jm1wdb64 qv66sw1b ljqsnud1 odn2s2vf tkr6xdv7 qttc61fc\" role=\"none\">\n<div class=\"rq0escxv l9j0dhe7 du4w35lb __fb-light-mode\" role=\"none\">\n<div class=\"ii04i59q jq4qci2q g9io39s2 oo9gr5id\" dir=\"auto\" role=\"none\"><\/div>\n<\/div>\n<\/div>\n<\/div>\n<\/div>\n<\/div>\n<\/div>\n<\/div>\n<\/div>\n<\/div>\n<\/div>\n","protected":false},"excerpt":{"rendered":"<p>Haszn\u00e1lj Te is gyermeked uzsonn\u00e1j\u00e1hoz \u00fajra szalv\u00e9t\u00e1t!<\/p>\n<p>A term\u00e9k m\u00e9rete: 30 x 30 cm<\/p>\n<p>K\u00fcls\u0151 anyaga: 100 % pamutv\u00e1szon, bels\u0151 anyaga: Pul., t\u00e9p\u0151z\u00e1ras.<\/p>\n<p>Mos\u00e1sa: maximum 40 fokon aj\u00e1nlott.<\/p>\n<div class=\"ns4p8fja j83agx80 cbu4d94t a6sixzi8 bkfpd7mw nred35xi a1xu1aao\" role=\"none\">\n<div class=\"j83agx80 k4urcfbm\" role=\"none\">\n<div class=\"ll8tlv6m j83agx80 cbu4d94t d2edcug0 l9j0dhe7\">\n<div class=\"j83agx80 k4urcfbm\" role=\"none\">\n<div class=\"cxgpxx05 d1544ag0 sj5x9vvc tw6a2znq l9j0dhe7 ni8dbmo4 stjgntxs e72ty7fz qlfml3jp inkptoze qmr60zad jm1wdb64 qv66sw1b ljqsnud1 odn2s2vf tkr6xdv7\" role=\"none\">\n<div class=\"rq0escxv l9j0dhe7 du4w35lb __fb-light-mode\" role=\"none\">\n<div class=\"ii04i59q jq4qci2q g9io39s2 oo9gr5id\" dir=\"auto\" role=\"none\">A szalv\u00e9ta bels\u0151 anyag\u00e1ra vonatkoz\u00f3 inform\u00e1ci\u00f3k: A gy\u00e1rt\u00f3 \u00e1ltal igazolt a Standard 100 OEKO-TEX, melyet az SHO115 15882.3 eredm\u00e9nyek t\u00e1masztanak al\u00e1. Valamint igazolja, hogy az alapanyag megfelel az Annex XVII Reach Amerikai szabv\u00e1nyban foglaltaknak \u00e9s az Annex 4 els\u0151 oszt\u00e1ly min\u0151s\u00edt\u00e9s\u00e9nek az eko k\u00f6vetelm\u00e9nyeinek, hogy gyermekruh\u00e1zatban haszn\u00e1lt term\u00e9k k\u00e9sz\u00fclhessen bel\u0151le. 100% poli\u00e9szter filmlamin\u00e1lt PU r\u00e9teggel 110 g\/m2 sz\u00ednez\u00e9k: eg\u00e9szs\u00e9gre \u00e1rtalmatlan azo sz\u00ednez\u00e9k mentes v\u00edzhatlan, nedvess\u00e9gz\u00e1r\u00f3, l\u00e9g\u00e1tereszt\u0151, rugalmas, j\u00f3 komfort\u00e9rzetet ad\u00f3 anyag.<\/div>\n<\/div>\n<\/div>\n<div class=\"ns4p8fja j83agx80 cbu4d94t a6sixzi8 bkfpd7mw d2edcug0 buofh1pr nred35xi\" role=\"none\">\n<div class=\"buofh1pr rj1gh0hx\" role=\"none\"><\/div>\n<\/div>\n<\/div>\n<\/div>\n<\/div>\n<\/div>\n","protected":false},"featured_media":2020,"comment_status":"open","ping_status":"closed","template":"","meta":{"_et_pb_use_builder":"","_et_pb_old_content":"","_et_gb_content_width":""},"product_brand":[],"product_cat":[40,37,56,57],"product_tag":[],"class_list":{"0":"post-2019","1":"product","2":"type-product","3":"status-publish","4":"has-post-thumbnail","6":"product_cat-fius-szettek","7":"product_cat-konyhai-eszkozok","8":"product_cat-szalvetak-tanyeralatetek","9":"product_cat-ujra-szalvetak","11":"first","12":"instock","13":"shipping-taxable","14":"purchasable","15":"product-type-simple"},"_links":{"self":[{"href":"https:\/\/szeretetkonyham.com\/index.php?rest_route=\/wp\/v2\/product\/2019","targetHints":{"allow":["GET"]}}],"collection":[{"href":"https:\/\/szeretetkonyham.com\/index.php?rest_route=\/wp\/v2\/product"}],"about":[{"href":"https:\/\/szeretetkonyham.com\/index.php?rest_route=\/wp\/v2\/types\/product"}],"replies":[{"embeddable":true,"href":"https:\/\/szeretetkonyham.com\/index.php?rest_route=%2Fwp%2Fv2%2Fcomments&post=2019"}],"wp:featuredmedia":[{"embeddable":true,"href":"https:\/\/szeretetkonyham.com\/index.php?rest_route=\/wp\/v2\/media\/2020"}],"wp:attachment":[{"href":"https:\/\/szeretetkonyham.com\/index.php?rest_route=%2Fwp%2Fv2%2Fmedia&parent=2019"}],"wp:term":[{"taxonomy":"product_brand","embeddable":true,"href":"https:\/\/szeretetkonyham.com\/index.php?rest_route=%2Fwp%2Fv2%2Fproduct_brand&post=2019"},{"taxonomy":"product_cat","embeddable":true,"href":"https:\/\/szeretetkonyham.com\/index.php?rest_route=%2Fwp%2Fv2%2Fproduct_cat&post=2019"},{"taxonomy":"product_tag","embeddable":true,"href":"https:\/\/szeretetkonyham.com\/index.php?rest_route=%2Fwp%2Fv2%2Fproduct_tag&post=2019"}],"curies":[{"name":"wp","href":"https:\/\/api.w.org\/{rel}","templated":true}]}}