{"id":379,"date":"2021-11-14T22:50:26","date_gmt":"2021-11-14T22:50:26","guid":{"rendered":"https:\/\/szeretetkonyham.hu\/?post_type=product&#038;p=379"},"modified":"2025-01-01T16:31:13","modified_gmt":"2025-01-01T16:31:13","slug":"mentesen-is-teljesen-konyv","status":"publish","type":"product","link":"https:\/\/szeretetkonyham.com\/?product=mentesen-is-teljesen-konyv","title":{"rendered":"MENTESEN IS TELJESEN &#8211; K\u00d6NYV"},"content":{"rendered":"<h1 class=\"product-title-area\">Mentesen Is Teljesen! &#8211; Tej-, Toj\u00e1s- \u00c9s Glut\u00e9nmentes Receptek Kicsiknek \u00c9s Nagyoknak &#8211; Teljes K\u00f6nyv<\/h1>\n","protected":false},"excerpt":{"rendered":"<p class=\"cs95E872D0\"><span class=\"cs1B16EEB5\">Ambrus \u00c9va, az\u00a0<\/span><span class=\"cs54AE92B1\">Anya, k\u00e9rek m\u00e9g! Hozz\u00e1t\u00e1pl\u00e1l\u00e1s egyszer\u0171en<\/span><span class=\"cs1B16EEB5\">\u00a0\u00e9s a\u00a0<\/span><span class=\"cs54AE92B1\">V\u00e1logat\u00f3s gyerekek<\/span><span class=\"cs1B16EEB5\">\u00a0c\u00edm\u0171 nagy siker\u0171 k\u00f6nyvek szerz\u0151je ez\u00fattal az \u00e9telallergia t\u00e9mak\u00f6r\u00e9re f\u00f3kusz\u00e1l. Szerz\u0151t\u00e1rs\u00e1val \u2013 aki h\u00e1rom multiallergi\u00e1s kisgyermek \u00e9desanyja, \u00e9s mentes \u00e9teleivel nap mint nap helyt\u00e1ll a konyh\u00e1ban \u2013 els\u0151sorban glut\u00e9n-, tej- \u00e9s toj\u00e1smentes recepteket fejlesztettek ki k\u00f6z\u00f6sen, \u00e9s adnak k\u00f6zre ebben a k\u00f6nyvben, hogy seg\u00edts\u00e9get ny\u00fajtsanak a sz\u00fcl\u0151knek \u00e9telallergi\u00e1s vagy glut\u00e9n\u00e9rz\u00e9keny gyermek\u00fck megfelel\u0151 \u00e9s kiegyens\u00falyozott \u00e9trendj\u00e9nek kialak\u00edt\u00e1s\u00e1hoz.<\/span><\/p>\n<p class=\"cs95E872D0\"><span class=\"cs1B16EEB5\">A kiadv\u00e1nyban 134 recept k\u00f6z\u00fcl v\u00e1logathatnak a kedves Olvas\u00f3k. Az alapreceptek k\u00f6z\u00f6tt mentes kenyerek, p\u00e9ks\u00fctem\u00e9nyek, h\u00e1zi t\u00e9szt\u00e1k, n\u00f6v\u00e9nyi tejhelyettes\u00edt\u0151k, h\u00e1zi sz\u00f3szok receptj\u00e9t ismerhetik meg. A reggeli, t\u00edz\u00f3rai- \u00e9s uzsonnafalatok, valamint az eb\u00e9d- \u00e9s vacsora\u00e9telek a mindennapok v\u00e1ltozatos \u00e9s eg\u00e9szs\u00e9ges \u00e9tkez\u00e9s\u00e9t k\u00f6nny\u00edtik meg, de gondoltak a szerz\u0151k az \u00fcnnepekre is, sz\u00fclinapi tort\u00e1kat, h\u00fasv\u00e9ti kal\u00e1csot, kar\u00e1csonyi mentes bejglit, szaloncukrot \u00e9s habcs\u00f3kot k\u00edn\u00e1lva.<\/span><\/p>\n<p class=\"cs95E872D0\"><span class=\"cs1B16EEB5\">Az \u00e9telallergia \u00e9s -intolerancia, valamint a glut\u00e9n\u00e9rz\u00e9kenys\u00e9g sok esetben m\u00e1r kisgyermekkorban kialakul, \u00e9s nem ritka, hogy az \u00e9rintett egy\u00e9nt ak\u00e1r eg\u00e9sz \u00e9let\u00e9ben v\u00e9gigk\u00eds\u00e9ri, de megfelel\u0151 di\u00e9t\u00e1val eredm\u00e9nyesen kezelhet\u0151. A k\u00f6nyvben szerepl\u0151 receptek bebizony\u00edtj\u00e1k, hogy mindez sokkal egyszer\u0171bb, mint ahogy azt els\u0151re gondoln\u00e1nk.<\/span><\/p>\n","protected":false},"featured_media":349,"comment_status":"open","ping_status":"closed","template":"","meta":{"_et_pb_use_builder":"","_et_pb_old_content":"","_et_gb_content_width":""},"product_brand":[],"product_cat":[62,28],"product_tag":[],"class_list":{"0":"post-379","1":"product","2":"type-product","3":"status-publish","4":"has-post-thumbnail","6":"product_cat-kiemelt-termekek","7":"product_cat-konyvek","9":"first","10":"instock","11":"shipping-taxable","12":"purchasable","13":"product-type-simple"},"_links":{"self":[{"href":"https:\/\/szeretetkonyham.com\/index.php?rest_route=\/wp\/v2\/product\/379","targetHints":{"allow":["GET"]}}],"collection":[{"href":"https:\/\/szeretetkonyham.com\/index.php?rest_route=\/wp\/v2\/product"}],"about":[{"href":"https:\/\/szeretetkonyham.com\/index.php?rest_route=\/wp\/v2\/types\/product"}],"replies":[{"embeddable":true,"href":"https:\/\/szeretetkonyham.com\/index.php?rest_route=%2Fwp%2Fv2%2Fcomments&post=379"}],"wp:featuredmedia":[{"embeddable":true,"href":"https:\/\/szeretetkonyham.com\/index.php?rest_route=\/wp\/v2\/media\/349"}],"wp:attachment":[{"href":"https:\/\/szeretetkonyham.com\/index.php?rest_route=%2Fwp%2Fv2%2Fmedia&parent=379"}],"wp:term":[{"taxonomy":"product_brand","embeddable":true,"href":"https:\/\/szeretetkonyham.com\/index.php?rest_route=%2Fwp%2Fv2%2Fproduct_brand&post=379"},{"taxonomy":"product_cat","embeddable":true,"href":"https:\/\/szeretetkonyham.com\/index.php?rest_route=%2Fwp%2Fv2%2Fproduct_cat&post=379"},{"taxonomy":"product_tag","embeddable":true,"href":"https:\/\/szeretetkonyham.com\/index.php?rest_route=%2Fwp%2Fv2%2Fproduct_tag&post=379"}],"curies":[{"name":"wp","href":"https:\/\/api.w.org\/{rel}","templated":true}]}}